n = -109 - k. What is the remainder when n is divided by o?
12
Suppose -4*x - c = -25, -2*x - 4*c = -13 - 3. Calculate the remainder when 39 is divided by x.
3
Let j = -105 + 154. Let l be 2/(-4)*-2*-19. Let s = -6 - l. What is the remainder when j is divided by s?
10
Suppose -7 = -3*x - 5*d, -x - 2*d - 1 = 3*d. What is the remainder when x/10 + (-63)/(-5) is divided by 1*-3*17/(-51) + 7?
5
Calculate the remainder when (4 - -4) + -24 + 333 is divided by 38.
13
Let q = 68 - 20. Let b = -33 + q. Calculate the remainder when 43 is divided by b.
13
Let b(p) = -46*p**3 + p**2 + p + 1. Suppose -2*r + 23 = 5*g - 4*r, r = 3*g - 14. What is the remainder when b(-1) is divided by g?
2
Let p = 1102 - 1097. Calculate the remainder when 24 is divided by p.
4
Let t = 481 - 470. Let n = 79 - 37. Calculate the remainder when n is divided by t.
9
Suppose -25*f + 425 = -0*f. What is the remainder when 29 is divided by f?
12
Let b(r) = -r**3 + 13*r**2 - r + 26. What is the remainder when b(12) is divided by 77?
4
Suppose z - 91 = -5*o - z, 3*z = -6. Let m = 282 - 250. Let p = m - o. What is the remainder when 23 is divided by p?
10
Let t(m) = -m**3 + 8*m**2 - 6*m + 4. Suppose -156 + 4 = -2*f. What is the remainder when f is divided by t(7)?
10
Suppose 3*z = 2*d + 65, 17 = -5*z + 6*z + 4*d. Calculate the remainder when 333 is divided by z.
18
Let f(w) = -7*w - 2. Let m = 22 - 15. What is the remainder when m is divided by f(-1)?
2
Let d(k) = -k - 12. Let f be d(-17). Suppose -30 - f = -5*t. What is the remainder when 11 is divided by t?
4
Let u = 4 - -9. Let s(f) = -10*f + 7. Let w be s(-6). Let m = -44 + w. What is the remainder when m is divided by u?
10
Calculate the remainder when 135 is divided by (36/10)/((-3159)/(-520) - 6).
39
Let l be 4*(-20)/(-8) + -2. Suppose g + 2*x = l, 5*x - 28 = -4*g + 10. What is the remainder when 45 is divided by g?
9
Suppose 139 = 23*j - 22. Calculate the remainder when 10 is divided by j.
3
Suppose 2*u + 4*j = 16, u + 2*j + 2*j = 6. Let s = -23 + 52. Calculate the remainder when s is divided by u.
9
Let z be (117/(-6))/(12/(-128)). Suppose 3*p + 2*j - 46 = z, -2*p - 4*j = -172. Suppose -21*s + p = -17*s. Calculate the remainder when s is divided by 11.
10
Suppose -2604 - 11256 = -84*v. What is the remainder when v is divided by 47?
24
Suppose -863*j - 42 = -870*j. What is the remainder when 182 is divided by j?
2
Suppose -5*w = -3*v + 141, -w + 66 = -4*v + 254. What is the remainder when 563 is divided by v?
46
Let u(n) = 30*n**2 + 1. Let y(c) = -c + 5. Let o be y(4). Suppose 7*d - 8*d + i + 18 = 0, -29 = -2*d - 5*i. What is the remainder when u(o) is divided by d?
14
Suppose -5*s = q - 161, -31*s + 35*s = -q + 129. What is the remainder when 234 is divided by s?
10
Suppose 0 = -88*f + 65*f + 713. What is the remainder when 60 is divided by f?
29
Let i(u) = -u**2 + 6*u + 6. Let b = 3 + 2. Let y = 81 - 50. Calculate the remainder when y is divided by i(b).
9
Let z(v) = -39*v - 59. What is the remainder when 288 is divided by z(-3)?
56
Suppose 0 = -3*h + 96 + 216. What is the remainder when (-5)/(-2)*h/10 is divided by 9?
8
Let r = 235 - 129. Let u be 3 - (-3 + r)/(-1). Let d = u + -59. What is the remainder when d is divided by 8?
7
Suppose -3*f = 4*f - 154. Suppose 0 = -f*i + 15*i + 35. What is the remainder when 18 is divided by i?
3
Suppose 5*p + 81 = 4*q + 281, 4*p + 3*q = 129. Let b = -37 - -62. Calculate the remainder when b is divided by p*4*4/48 + 2.
11
Let h(c) = c**3 - 10*c**2 - 8*c + 23. Let o be 279/31 + 0/(-2) + 2. Calculate the remainder when h(o) is divided by 20.
16
Suppose 5 = 5*c, 2*n - 4*c - 74 = 20. What is the remainder when 241 is divided by n?
45
Let c(q) = 6*q - 6*q + 2*q - 1 + 0. Let f be c(-3). What is the remainder when (-3408)/(-56) + (-1)/f is divided by 16?
13
Let c = 42 - 19. Calculate the remainder when (1/(-5))/(245/(-83300)) is divided by c.
22
Let d be 3/9*-1 - (-14)/6. Suppose 38 = 2*r + 2*x, 5*x + 3 + 7 = d*r. What is the remainder when 27 is divided by r?
12
Suppose -g - 2*g - 12 = 0, 3*x + 3*g - 6 = 0. Suppose 2*o - 124 = -2*o. Suppose 0 = -5*w + o + 19. What is the remainder when w is divided by x?
4
Let k(t) = 11*t**2 + t + 1. Let l be (-12)/(-10)*15/6. Suppose 3*p - 1 + 4 = -l*i, 5 = -5*p - 2*i. What is the remainder when 32 is divided by k(p)?
10
Let x(j) = -j**3 + j**2 - 2*j + 38. Calculate the remainder when x(0) is divided by 23.
15
Let b = 40 + -33. Suppose b*x - 6*x = 12. What is the remainder when 33 is divided by x?
9
What is the remainder when 90 is divided by (48/(-11))/(24/(-132))?
18
Let k be (0 + 0 - 2) + -4. Let q be ((-2)/k)/((-5)/555). Let s = -22 - q. Calculate the remainder when s is divided by 6.
3
Let x = 27 + -27. Suppose x = -2*v + 3*v - 3. What is the remainder when 11 is divided by v?
2
Let l(r) = 7*r**2 - 3*r. Suppose -5 = i - 3*k + 5, -8 = 2*i - 3*k. What is the remainder when l(i) is divided by -2 + (-2 + 4 - -3) + 3?
4
Let x be 3 + -5 + 18/3. Suppose -x*i - i = -75. Calculate the remainder when i is divided by 4.
3
Suppose -4*s - 2031 = -5*i, 1213 = 3*i - 3*s + 2*s. Calculate the remainder when i is divided by 44.
7
Suppose -89*h + 117 = -86*h. Calculate the remainder when h is divided by 20.
19
Suppose 4*p = 5*k - 4*k - 255, 285 = k + 2*p. What is the remainder when k is divided by 40?
35
Let y = -59 - -29. Let j = 44 - y. Calculate the remainder when j is divided by 26.
22
Calculate the remainder when 620 is divided by (61/(-61))/((-3)/267).
86
Suppose -6*o - 2*x + 28 = -o, -20 = -4*o - 4*x. Suppose -4*u + 6 + 38 = 0. Calculate the remainder when u is divided by o.
5
Let u = 13 - -3. Calculate the remainder when u/(1*(-1)/(-4)) is divided by (-18)/(-1) - (1 - (-4)/8*-10).
20
Suppose 0 = 22*g - 1003 - 383. Suppose -14 = 3*q - 113. Calculate the remainder when g is divided by q.
30
Let a = -1999 - -2700. What is the remainder when a is divided by 47?
43
Let m(u) = 2*u**2 - 2*u + 5. Let x be m(0). Suppose 0 = -c + 3*c - w - 144, -2*c = -x*w - 160. What is the remainder when c is divided by 9?
7
Suppose -i + 17 = -3*m + 5*m, -3*i = -3*m + 21. Calculate the remainder when 327 is divided by m.
7
Let j = 118 - 74. Suppose -9*r + 4698 = 18*r. Calculate the remainder when r is divided by j.
42
Let d = 116 + -66. Let i = 6 + -2. Suppose i*j - 65 = -j. Calculate the remainder when d is divided by j.
11
Calculate the remainder when 76 is divided by (-9)/12*(-1392)/36.
18
Suppose -4*w - 1628 = -15*w. Suppose -4*h - 4*g + w = 0, 30 - 177 = -4*h - 5*g. What is the remainder when 145 is divided by h?
31
Let q = -1 + 10. Let s = 3372 - 3359. Calculate the remainder when s is divided by q.
4
Let z = -148 + 173. Calculate the remainder when 271 is divided by z.
21
Let s(n) = 2*n**2 + 16*n + 6 - n**2 - 4. Let w be s(-16). Suppose -38 = -w*q + 20. Calculate the remainder when 115 is divided by q.
28
Let c = -749 + 770. Let h(n) = 2*n**3 + 0*n**3 - 2*n - 4*n**3. Calculate the remainder when h(-3) is divided by c.
18
Suppose 30 = -3*f - 3*n, -3*f + 0*n = -5*n - 10. Let j(g) = g**3 + 5*g**2 - 5*g. Calculate the remainder when 47 is divided by j(f).
22
Let m(p) = -2*p**3 - 72*p**2 + 68*p + 8. Calculate the remainder when m(-37) is divided by 59.
53
Let n(j) = 2*j**3 - 6*j**2 - 14*j - 4. What is the remainder when n(5) is divided by 16?
10
Suppose 0 = -5*s + 272 + 53. Suppose -v + 39 = 2*v - 4*o, -3*o - s = -5*v. Calculate the remainder when 24 is divided by v.
11
Suppose 0 = -2*f + 3*h + 110, 53 + 49 = 2*f - h. Calculate the remainder when 157 is divided by f.
10
Suppose 8*z + 2*t = 3*z - 482, 3*z + 3*t = -291. Let m = z + 108. What is the remainder when 38 is divided by m?
2
Suppose 0 = 5*l - 20, c + c + l = 44. Let u = 27 - c. Calculate the remainder when 11 is divided by u.
4
Suppose s = 4*a - 115, -a - 2*s = -3*a + 56. Suppose -3*r + 486 = 6*b, 10*b - 11*b = 2*r - 72. Calculate the remainder when b is divided by a.
26
Suppose 3*u + 28 = 724. Suppose 0 = 57*b - 55*b - u. Calculate the remainder when b is divided by 24.
20
Calculate the remainder when 426 is divided by -2*(9592/16)/(-11).
99
Let d(g) = g**3 - 13*g**2 + 21*g + 14. Let s be d(11). Suppose s*k + 5*k = 1312. Calculate the remainder when k is divided by 33.
32
Let q be (-2 - -3)*-1*(-5 - -2). Suppose -5*o - q*s +